{"id":19,"date":"2007-08-07T19:44:29","date_gmt":"2007-08-07T17:44:29","guid":{"rendered":"http:\/\/bernardia.at\/?page_id=19"},"modified":"2014-09-25T15:30:14","modified_gmt":"2014-09-25T14:30:14","slug":"downloads","status":"publish","type":"page","link":"https:\/\/www.bernardia.at\/?page_id=19","title":{"rendered":"Downloads"},"content":{"rendered":"<p><strong>Geschichte der Bernardia<\/strong><br \/>\nDas Dokument enth\u00e4lt ein PDF zur Geschichte der Bernardia. Das Dokument ist im Laufe der letzten Jahrzehnte immer wieder erg\u00e4nzt worden und nun anl\u00e4sslich des 70. Stiftungsfestes aktualisiert worden.<br \/>\nZum Betrachten ist der Acrobat Reader n\u00f6tig, der im Internet frei erh\u00e4ltlich ist.<br \/>\n<a href=\"http:\/\/bernardia.at\/wp-content\/uploads\/2007\/08\/bes_geschichte.pdf\" title=\"bes_geschichte.pdf\">bes_geschichte.pdf<\/a><\/p>\n<p><strong>MKV Wappentafel (gro\u00df) NEU! <\/strong><br \/>\nBeschreibung: MKV Wappentafel im Format A3 als PDF. Zum an die Wand h\u00e4ngen in der heimischen Studentenbude um nie den \u00dcberblick \u00fcber die MKV-Verbindungen zu verlieren.<br \/>\nNEUE VERSION 2007!!<br \/>\n<a href=\"http:\/\/bernardia.at\/wp-content\/uploads\/2007\/08\/mkv_a3_tnr.pdf\" title=\"mkv_a3_tnr.pdf\">mkv_a3_tnr.pdf<\/a><\/p>\n<p><strong>MKV Wappentafel (klein)<\/strong><br \/>\nBeschreibung: MKV-Wappentafel im Format A4 als PDF. Zum Ausdrucken und in die Studienmappe heften, um im Unterricht immer den \u00dcberblick \u00fcber alle MKV Verbindungen zu haben.<br \/>\n<a href=\"http:\/\/bernardia.at\/wp-content\/uploads\/2007\/08\/mkv_a4.pdf\" title=\"mkv_a4.pdf\">mkv_a4.pdf<\/a><\/p>\n<p><strong>TMV-Wappentafel NEU!<\/strong><br \/>\nBeschreibung: Die TMV Verbindungen als Wappentafel in A4, als PDF zum Ausdrucken. F\u00fcr den FC, um die Fuchsen auf unsere Verbindungen in Tirol aufmerksam zu machen, aber auch um sich in Erinnerung zu rufen, welche Farben die Verbindungen hier in Tirol haben. Viel Spa\u00df.<br \/>\nNEUE VERSION 2007!!<br \/>\n<a href=\"http:\/\/bernardia.at\/wp-content\/uploads\/2007\/08\/tmvschilde2.pdf\" title=\"tmvschilde2.pdf\">tmvschilde2.pdf<\/a><\/p>\n","protected":false},"excerpt":{"rendered":"<p>Geschichte der Bernardia Das Dokument enth\u00e4lt ein PDF zur Geschichte der Bernardia. Das Dokument ist im Laufe der letzten Jahrzehnte immer wieder erg\u00e4nzt worden und nun anl\u00e4sslich des 70. Stiftungsfestes [&hellip;]<\/p>\n","protected":false},"author":3,"featured_media":0,"parent":0,"menu_order":3,"comment_status":"open","ping_status":"open","template":"","meta":{"_EventAllDay":false,"_EventTimezone":"","_EventStartDate":"","_EventEndDate":"","_EventStartDateUTC":"","_EventEndDateUTC":"","_EventShowMap":false,"_EventShowMapLink":false,"_EventURL":"","_EventCost":"","_EventCostDescription":"","_EventCurrencySymbol":"","_EventCurrencyCode":"","_EventCurrencyPosition":"","_EventDateTimeSeparator":"","_EventTimeRangeSeparator":"","_EventOrganizerID":[],"_EventVenueID":[],"_OrganizerEmail":"","_OrganizerPhone":"","_OrganizerWebsite":"","_VenueAddress":"","_VenueCity":"","_VenueCountry":"","_VenueProvince":"","_VenueState":"","_VenueZip":"","_VenuePhone":"","_VenueURL":"","_VenueStateProvince":"","_VenueLat":"","_VenueLng":"","_VenueShowMap":false,"_VenueShowMapLink":false,"footnotes":""},"class_list":["post-19","page","type-page","status-publish","hentry"],"_links":{"self":[{"href":"https:\/\/www.bernardia.at\/index.php?rest_route=\/wp\/v2\/pages\/19"}],"collection":[{"href":"https:\/\/www.bernardia.at\/index.php?rest_route=\/wp\/v2\/pages"}],"about":[{"href":"https:\/\/www.bernardia.at\/index.php?rest_route=\/wp\/v2\/types\/page"}],"author":[{"embeddable":true,"href":"https:\/\/www.bernardia.at\/index.php?rest_route=\/wp\/v2\/users\/3"}],"replies":[{"embeddable":true,"href":"https:\/\/www.bernardia.at\/index.php?rest_route=%2Fwp%2Fv2%2Fcomments&post=19"}],"version-history":[{"count":2,"href":"https:\/\/www.bernardia.at\/index.php?rest_route=\/wp\/v2\/pages\/19\/revisions"}],"predecessor-version":[{"id":377,"href":"https:\/\/www.bernardia.at\/index.php?rest_route=\/wp\/v2\/pages\/19\/revisions\/377"}],"wp:attachment":[{"href":"https:\/\/www.bernardia.at\/index.php?rest_route=%2Fwp%2Fv2%2Fmedia&parent=19"}],"curies":[{"name":"wp","href":"https:\/\/api.w.org\/{rel}","templated":true}]}}